


{"id":83192,"date":"2025-06-11T11:23:59","date_gmt":"2025-06-11T15:23:59","guid":{"rendered":"https:\/\/mrnf.gouv.qc.ca\/?page_id=83192"},"modified":"2025-11-12T16:17:01","modified_gmt":"2025-11-12T21:17:01","slug":"program","status":"publish","type":"page","link":"https:\/\/mrnf.gouv.qc.ca\/en\/quebec-mines\/program\/","title":{"rendered":"Program 2025"},"content":{"rendered":"","protected":false},"excerpt":{"rendered":"","protected":false},"author":45,"featured_media":0,"parent":6823,"menu_order":10,"comment_status":"closed","ping_status":"closed","template":"qme-programmation.php","meta":{"_acf_changed":false,"_et_pb_use_builder":"off","_et_pb_old_content":"","_et_gb_content_width":"","_oasis_is_in_workflow":0,"_oasis_original":0,"_oasis_task_priority":"","footnotes":""},"class_list":["post-83192","page","type-page","status-publish","hentry"],"acf":[],"yoast_head":"<!-- This site is optimized with the Yoast SEO plugin v24.9 - https:\/\/yoast.com\/wordpress\/plugins\/seo\/ -->\n<title>Program 2025 - Minist\u00e8re des Ressources naturelles et des For\u00eats<\/title>\n<meta name=\"description\" content=\"Consult the program of Qu\u00e9bec Mines + \u00c9nergie which takes place at the Center des congr\u00e8s de Qu\u00e9bec each November.\" \/>\n<meta name=\"robots\" content=\"index, follow, max-snippet:-1, max-image-preview:large, max-video-preview:-1\" \/>\n<link rel=\"canonical\" href=\"https:\/\/mrnf.gouv.qc.ca\/en\/quebec-mines\/program\/\" \/>\n<meta property=\"og:locale\" content=\"en_US\" \/>\n<meta property=\"og:type\" content=\"article\" \/>\n<meta property=\"og:title\" content=\"Consult the program\" \/>\n<meta property=\"og:description\" content=\"Consult the program of Qu\u00e9bec Mines + \u00c9nergie which takes place at the Center des congr\u00e8s de Qu\u00e9bec from November 20 to 23.\" \/>\n<meta property=\"og:url\" content=\"https:\/\/mrnf.gouv.qc.ca\/en\/quebec-mines\/program\/\" \/>\n<meta property=\"og:site_name\" content=\"Minist\u00e8re des Ressources naturelles et des For\u00eats\" \/>\n<meta property=\"article:publisher\" content=\"https:\/\/www.facebook.com\/RessourcesNaturellesForets\/\" \/>\n<meta property=\"article:modified_time\" content=\"2025-11-12T21:17:01+00:00\" \/>\n<meta property=\"og:image\" content=\"\/wp-content\/uploads\/QME2024_OG-FB_ANG-1024x535.jpg\" \/>\n\t<meta property=\"og:image:width\" content=\"1200\" \/>\n\t<meta property=\"og:image:height\" content=\"627\" \/>\n\t<meta property=\"og:image:type\" content=\"image\/jpeg\" \/>\n<meta name=\"twitter:card\" content=\"summary_large_image\" \/>\n<meta name=\"twitter:title\" content=\"Consult the program\" \/>\n<meta name=\"twitter:description\" content=\"Consult the program of Qu\u00e9bec Mines + \u00c9nergie which takes place at the Center des congr\u00e8s de Qu\u00e9bec from November 18 to 21.\" \/>\n<meta name=\"twitter:image\" content=\"https:\/\/mrnf.gouv.qc.ca\/wp-content\/uploads\/QME2024_OG-TW_ANG.jpg\" \/>\n<meta name=\"twitter:site\" content=\"@mrnfqc\" \/>\n<script type=\"application\/ld+json\" class=\"yoast-schema-graph\">{\"@context\":\"https:\/\/schema.org\",\"@graph\":[{\"@type\":\"WebPage\",\"@id\":\"https:\/\/mrnf.gouv.qc.ca\/en\/quebec-mines\/program\/\",\"url\":\"https:\/\/mrnf.gouv.qc.ca\/en\/quebec-mines\/program\/\",\"name\":\"Program 2025 - Minist\u00e8re des Ressources naturelles et des For\u00eats\",\"isPartOf\":{\"@id\":\"https:\/\/mrnf.gouv.qc.ca\/#website\"},\"datePublished\":\"2025-06-11T15:23:59+00:00\",\"dateModified\":\"2025-11-12T21:17:01+00:00\",\"description\":\"Consult the program of Qu\u00e9bec Mines + \u00c9nergie which takes place at the Center des congr\u00e8s de Qu\u00e9bec each November.\",\"breadcrumb\":{\"@id\":\"https:\/\/mrnf.gouv.qc.ca\/en\/quebec-mines\/program\/#breadcrumb\"},\"inLanguage\":\"en-US\",\"potentialAction\":[{\"@type\":\"ReadAction\",\"target\":[\"https:\/\/mrnf.gouv.qc.ca\/en\/quebec-mines\/program\/\"]}]},{\"@type\":\"BreadcrumbList\",\"@id\":\"https:\/\/mrnf.gouv.qc.ca\/en\/quebec-mines\/program\/#breadcrumb\",\"itemListElement\":[{\"@type\":\"ListItem\",\"position\":1,\"name\":\"Accueil\",\"item\":\"https:\/\/mrnf.gouv.qc.ca\/en\/\"},{\"@type\":\"ListItem\",\"position\":2,\"name\":\"Qu\u00e9bec Mines + \u00c9nergie\",\"item\":\"https:\/\/mrnf.gouv.qc.ca\/en\/quebec-mines\/\"},{\"@type\":\"ListItem\",\"position\":3,\"name\":\"Program 2025\"}]},{\"@type\":\"WebSite\",\"@id\":\"https:\/\/mrnf.gouv.qc.ca\/#website\",\"url\":\"https:\/\/mrnf.gouv.qc.ca\/\",\"name\":\"Minist\u00e8re des Ressources naturelles et des For\u00eats\",\"description\":\"Prototype WordPress\",\"potentialAction\":[{\"@type\":\"SearchAction\",\"target\":{\"@type\":\"EntryPoint\",\"urlTemplate\":\"https:\/\/mrnf.gouv.qc.ca\/?s={search_term_string}\"},\"query-input\":{\"@type\":\"PropertyValueSpecification\",\"valueRequired\":true,\"valueName\":\"search_term_string\"}}],\"inLanguage\":\"en-US\"}]}<\/script>\n<!-- \/ Yoast SEO plugin. -->","yoast_head_json":{"title":"Program 2025 - Minist\u00e8re des Ressources naturelles et des For\u00eats","description":"Consult the program of Qu\u00e9bec Mines + \u00c9nergie which takes place at the Center des congr\u00e8s de Qu\u00e9bec each November.","robots":{"index":"index","follow":"follow","max-snippet":"max-snippet:-1","max-image-preview":"max-image-preview:large","max-video-preview":"max-video-preview:-1"},"canonical":"https:\/\/mrnf.gouv.qc.ca\/en\/quebec-mines\/program\/","og_locale":"en_US","og_type":"article","og_title":"Consult the program","og_description":"Consult the program of Qu\u00e9bec Mines + \u00c9nergie which takes place at the Center des congr\u00e8s de Qu\u00e9bec from November 20 to 23.","og_url":"https:\/\/mrnf.gouv.qc.ca\/en\/quebec-mines\/program\/","og_site_name":"Minist\u00e8re des Ressources naturelles et des For\u00eats","article_publisher":"https:\/\/www.facebook.com\/RessourcesNaturellesForets\/","article_modified_time":"2025-11-12T21:17:01+00:00","og_image":[{"width":1200,"height":627,"url":"\/wp-content\/uploads\/QME2024_OG-FB_ANG-1024x535.jpg","type":"image\/jpeg"}],"twitter_card":"summary_large_image","twitter_title":"Consult the program","twitter_description":"Consult the program of Qu\u00e9bec Mines + \u00c9nergie which takes place at the Center des congr\u00e8s de Qu\u00e9bec from November 18 to 21.","twitter_image":"https:\/\/mrnf.gouv.qc.ca\/wp-content\/uploads\/QME2024_OG-TW_ANG.jpg","twitter_site":"@mrnfqc","schema":{"@context":"https:\/\/schema.org","@graph":[{"@type":"WebPage","@id":"https:\/\/mrnf.gouv.qc.ca\/en\/quebec-mines\/program\/","url":"https:\/\/mrnf.gouv.qc.ca\/en\/quebec-mines\/program\/","name":"Program 2025 - Minist\u00e8re des Ressources naturelles et des For\u00eats","isPartOf":{"@id":"https:\/\/mrnf.gouv.qc.ca\/#website"},"datePublished":"2025-06-11T15:23:59+00:00","dateModified":"2025-11-12T21:17:01+00:00","description":"Consult the program of Qu\u00e9bec Mines + \u00c9nergie which takes place at the Center des congr\u00e8s de Qu\u00e9bec each November.","breadcrumb":{"@id":"https:\/\/mrnf.gouv.qc.ca\/en\/quebec-mines\/program\/#breadcrumb"},"inLanguage":"en-US","potentialAction":[{"@type":"ReadAction","target":["https:\/\/mrnf.gouv.qc.ca\/en\/quebec-mines\/program\/"]}]},{"@type":"BreadcrumbList","@id":"https:\/\/mrnf.gouv.qc.ca\/en\/quebec-mines\/program\/#breadcrumb","itemListElement":[{"@type":"ListItem","position":1,"name":"Accueil","item":"https:\/\/mrnf.gouv.qc.ca\/en\/"},{"@type":"ListItem","position":2,"name":"Qu\u00e9bec Mines + \u00c9nergie","item":"https:\/\/mrnf.gouv.qc.ca\/en\/quebec-mines\/"},{"@type":"ListItem","position":3,"name":"Program 2025"}]},{"@type":"WebSite","@id":"https:\/\/mrnf.gouv.qc.ca\/#website","url":"https:\/\/mrnf.gouv.qc.ca\/","name":"Minist\u00e8re des Ressources naturelles et des For\u00eats","description":"Prototype WordPress","potentialAction":[{"@type":"SearchAction","target":{"@type":"EntryPoint","urlTemplate":"https:\/\/mrnf.gouv.qc.ca\/?s={search_term_string}"},"query-input":{"@type":"PropertyValueSpecification","valueRequired":true,"valueName":"search_term_string"}}],"inLanguage":"en-US"}]}},"_links":{"self":[{"href":"https:\/\/mrnf.gouv.qc.ca\/en\/wp-json\/wp\/v2\/pages\/83192","targetHints":{"allow":["GET"]}}],"collection":[{"href":"https:\/\/mrnf.gouv.qc.ca\/en\/wp-json\/wp\/v2\/pages"}],"about":[{"href":"https:\/\/mrnf.gouv.qc.ca\/en\/wp-json\/wp\/v2\/types\/page"}],"author":[{"embeddable":true,"href":"https:\/\/mrnf.gouv.qc.ca\/en\/wp-json\/wp\/v2\/users\/45"}],"replies":[{"embeddable":true,"href":"https:\/\/mrnf.gouv.qc.ca\/en\/wp-json\/wp\/v2\/comments?post=83192"}],"version-history":[{"count":10,"href":"https:\/\/mrnf.gouv.qc.ca\/en\/wp-json\/wp\/v2\/pages\/83192\/revisions"}],"predecessor-version":[{"id":88977,"href":"https:\/\/mrnf.gouv.qc.ca\/en\/wp-json\/wp\/v2\/pages\/83192\/revisions\/88977"}],"up":[{"embeddable":true,"href":"https:\/\/mrnf.gouv.qc.ca\/en\/wp-json\/wp\/v2\/pages\/6823"}],"wp:attachment":[{"href":"https:\/\/mrnf.gouv.qc.ca\/en\/wp-json\/wp\/v2\/media?parent=83192"}],"curies":[{"name":"wp","href":"https:\/\/api.w.org\/{rel}","templated":true}]}}

<!-- This site is optimized with the Yoast SEO plugin v24.9 - https://yoast.com/wordpress/plugins/seo/ -->
<title>Program 2025 - Ministère des Ressources naturelles et des Forêts</title>
<meta name="description" content="Consult the program of Québec Mines + Énergie which takes place at the Center des congrès de Québec each November." />
<meta name="robots" content="index, follow, max-snippet:-1, max-image-preview:large, max-video-preview:-1" />
<link rel="canonical" href="https://mrnf.gouv.qc.ca/en/quebec-mines/program/" />
<meta property="og:locale" content="en_US" />
<meta property="og:type" content="article" />
<meta property="og:title" content="Consult the program" />
<meta property="og:description" content="Consult the program of Québec Mines + Énergie which takes place at the Center des congrès de Québec from November 20 to 23." />
<meta property="og:url" content="https://mrnf.gouv.qc.ca/en/quebec-mines/program/" />
<meta property="og:site_name" content="Ministère des Ressources naturelles et des Forêts" />
<meta property="article:publisher" content="https://www.facebook.com/RessourcesNaturellesForets/" />
<meta property="article:modified_time" content="2025-11-12T21:17:01+00:00" />
<meta property="og:image" content="/wp-content/uploads/QME2024_OG-FB_ANG-1024x535.jpg" />
	<meta property="og:image:width" content="1200" />
	<meta property="og:image:height" content="627" />
	<meta property="og:image:type" content="image/jpeg" />
<meta name="twitter:card" content="summary_large_image" />
<meta name="twitter:title" content="Consult the program" />
<meta name="twitter:description" content="Consult the program of Québec Mines + Énergie which takes place at the Center des congrès de Québec from November 18 to 21." />
<meta name="twitter:image" content="https://mrnf.gouv.qc.ca/wp-content/uploads/QME2024_OG-TW_ANG.jpg" />
<meta name="twitter:site" content="@mrnfqc" />
<script type="application/ld+json" class="yoast-schema-graph">{"@context":"https://schema.org","@graph":[{"@type":"WebPage","@id":"https://mrnf.gouv.qc.ca/en/quebec-mines/program/","url":"https://mrnf.gouv.qc.ca/en/quebec-mines/program/","name":"Program 2025 - Ministère des Ressources naturelles et des Forêts","isPartOf":{"@id":"https://mrnf.gouv.qc.ca/#website"},"datePublished":"2025-06-11T15:23:59+00:00","dateModified":"2025-11-12T21:17:01+00:00","description":"Consult the program of Québec Mines + Énergie which takes place at the Center des congrès de Québec each November.","breadcrumb":{"@id":"https://mrnf.gouv.qc.ca/en/quebec-mines/program/#breadcrumb"},"inLanguage":"en-US","potentialAction":[{"@type":"ReadAction","target":["https://mrnf.gouv.qc.ca/en/quebec-mines/program/"]}]},{"@type":"BreadcrumbList","@id":"https://mrnf.gouv.qc.ca/en/quebec-mines/program/#breadcrumb","itemListElement":[{"@type":"ListItem","position":1,"name":"Accueil","item":"https://mrnf.gouv.qc.ca/en/"},{"@type":"ListItem","position":2,"name":"Québec Mines + Énergie","item":"https://mrnf.gouv.qc.ca/en/quebec-mines/"},{"@type":"ListItem","position":3,"name":"Program 2025"}]},{"@type":"WebSite","@id":"https://mrnf.gouv.qc.ca/#website","url":"https://mrnf.gouv.qc.ca/","name":"Ministère des Ressources naturelles et des Forêts","description":"Prototype WordPress","potentialAction":[{"@type":"SearchAction","target":{"@type":"EntryPoint","urlTemplate":"https://mrnf.gouv.qc.ca/?s={search_term_string}"},"query-input":{"@type":"PropertyValueSpecification","valueRequired":true,"valueName":"search_term_string"}}],"inLanguage":"en-US"}]}</script>
<!-- / Yoast SEO plugin. -->

Program 2025 - Ministère des Ressources naturelles et des Forêts

Consult the program of Québec Mines + Énergie which takes place at the Center des congrès de Québec each November.

Consult the program of Québec Mines + Énergie which takes place at the Center des congrès de Québec from November 20 to 23.

Ministère des Ressources naturelles et des Forêts

Consult the program of Québec Mines + Énergie which takes place at the Center des congrès de Québec from November 18 to 21.

Québec Mines + Énergie
