


{"id":97764,"date":"2026-04-16T11:32:01","date_gmt":"2026-04-16T15:32:01","guid":{"rendered":"https:\/\/mrnf.gouv.qc.ca\/?post_type=cpt_publication&#038;p=97764"},"modified":"2026-04-16T11:32:11","modified_gmt":"2026-04-16T15:32:11","slug":"contemporary-issues-temperate-forest-part-4-climate-change","status":"publish","type":"cpt_publication","link":"https:\/\/mrnf.gouv.qc.ca\/en\/our-publications\/contemporary-issues-temperate-forest-part-4-climate-change\/","title":{"rendered":"Contemporary Issues in Qu\u00e9bec\u2019s Temperate Forest \u2014 Part 4: Climate Change"},"content":{"rendered":"\n<p><strong>Published in The Forestry Chronicle 102(1):92-109\u00a0<\/strong><\/p>\n<p>This paper is the fourth in a series on the topic of contemporary issues in Qu\u00e9bec\u2019s temperate forest. It focuses on the topic of climate change, beginning with a brief profile of climate history and changes, both contemporary and anticipated. It discusses the main impacts of climate change for forest ecosystems and the issues raised. Numerous studies have shown that rapidly rising temperatures since the mid-1970s have affected various aspects of forest ecosystems, including forest composition and productivity, natural disturbance regimes, the biogeochemical cycle of elements, wildlife populations and maple syrup production. Despite this, however, no major issues were identified for the three principal tree species in Qu\u00e9bec\u2019s northern temperate zone (i.e., sugar maple [<em>Acer saccharum<\/em> Marsh.], red maple [<em>Acer rubrum<\/em> L.] and yellow birch [<em>Betula alleghaniensis<\/em> Britt.]) as a result of anticipated climate change between now and the end of the century. The climate in the current temperate zone is likely to remain within the conditions generally encountered in these species\u2019 range. Similarly, the natural disturbance regime in the zone is not expected to change significantly. However, we did identify some important socioeconomic and ecological issues arising from the impacts of climate change for forest ecosystems.<\/p>\n\n\n","protected":false},"excerpt":{"rendered":"<p>Published in The Forestry Chronicle 102(1):92-109\u00a0 This paper is the fourth in a series on the topic of contemporary issues in Qu\u00e9bec\u2019s temperate forest. It focuses on the topic of climate change, beginning with a brief profile of climate history and changes, both contemporary and anticipated. It discusses the main impacts of climate change for [&hellip;]<\/p>\n","protected":false},"template":"","format":"standard","cptt_secteur":[1179],"cptt_theme":[1180,1181],"cptt_categ_publi":[1149],"cptt_auteurs_ministeriels":[1068,1082,1088,1102],"class_list":["post-97764","cpt_publication","type-cpt_publication","status-publish","format-standard","hentry","cptt_secteur-forests","cptt_theme-forestry-research","cptt_theme-forests","cptt_categ_publi-scientific-article","cptt_auteurs_ministeriels-s-bedard","cptt_auteurs_ministeriels-duchesne-louis","cptt_auteurs_ministeriels-f-guillemette","cptt_auteurs_ministeriels-r-ouimet"],"acf":[],"yoast_head":"<!-- This site is optimized with the Yoast SEO plugin v24.9 - https:\/\/yoast.com\/wordpress\/plugins\/seo\/ -->\n<title>Contemporary Issues in Qu\u00e9bec\u2019s Temperate Forest \u2014 Part 4: Climate Change - Minist\u00e8re des Ressources naturelles et des For\u00eats<\/title>\n<meta name=\"description\" content=\"Analysis of climate change impacts on temperate forests in Qu\u00e9bec and identification of socio-economic and ecological issues.\" \/>\n<meta name=\"robots\" content=\"index, follow, max-snippet:-1, max-image-preview:large, max-video-preview:-1\" \/>\n<link rel=\"canonical\" href=\"https:\/\/mrnf.gouv.qc.ca\/en\/our-publications\/contemporary-issues-temperate-forest-part-4-climate-change\/\" \/>\n<meta property=\"og:locale\" content=\"en_US\" \/>\n<meta property=\"og:type\" content=\"article\" \/>\n<meta property=\"og:title\" content=\"Contemporary Issues in Qu\u00e9bec\u2019s Temperate Forest \u2014 Part 4: Climate Change - Minist\u00e8re des Ressources naturelles et des For\u00eats\" \/>\n<meta property=\"og:description\" content=\"Analysis of climate change impacts on temperate forests in Qu\u00e9bec and identification of socio-economic and ecological issues.\" \/>\n<meta property=\"og:url\" content=\"https:\/\/mrnf.gouv.qc.ca\/en\/our-publications\/contemporary-issues-temperate-forest-part-4-climate-change\/\" \/>\n<meta property=\"og:site_name\" content=\"Minist\u00e8re des Ressources naturelles et des For\u00eats\" \/>\n<meta property=\"article:publisher\" content=\"https:\/\/www.facebook.com\/RessourcesNaturellesForets\/\" \/>\n<meta property=\"article:modified_time\" content=\"2026-04-16T15:32:11+00:00\" \/>\n<meta property=\"og:image\" content=\"\/wp-content\/uploads\/Image-g%c3%a9n%c3%a9rale-hiver_FB.jpg\" \/>\n\t<meta property=\"og:image:width\" content=\"1200\" \/>\n\t<meta property=\"og:image:height\" content=\"630\" \/>\n\t<meta property=\"og:image:type\" content=\"image\/jpeg\" \/>\n<meta name=\"twitter:card\" content=\"summary_large_image\" \/>\n<meta name=\"twitter:site\" content=\"@mrnfqc\" \/>\n<meta name=\"twitter:label1\" content=\"Est. reading time\" \/>\n\t<meta name=\"twitter:data1\" content=\"2 minutes\" \/>\n<script type=\"application\/ld+json\" class=\"yoast-schema-graph\">{\"@context\":\"https:\/\/schema.org\",\"@graph\":[{\"@type\":\"WebPage\",\"@id\":\"https:\/\/mrnf.gouv.qc.ca\/en\/our-publications\/contemporary-issues-temperate-forest-part-4-climate-change\/\",\"url\":\"https:\/\/mrnf.gouv.qc.ca\/en\/our-publications\/contemporary-issues-temperate-forest-part-4-climate-change\/\",\"name\":\"Contemporary Issues in Qu\u00e9bec\u2019s Temperate Forest \u2014 Part 4: Climate Change - Minist\u00e8re des Ressources naturelles et des For\u00eats\",\"isPartOf\":{\"@id\":\"https:\/\/mrnf.gouv.qc.ca\/#website\"},\"datePublished\":\"2026-04-16T15:32:01+00:00\",\"dateModified\":\"2026-04-16T15:32:11+00:00\",\"description\":\"Analysis of climate change impacts on temperate forests in Qu\u00e9bec and identification of socio-economic and ecological issues.\",\"breadcrumb\":{\"@id\":\"https:\/\/mrnf.gouv.qc.ca\/en\/our-publications\/contemporary-issues-temperate-forest-part-4-climate-change\/#breadcrumb\"},\"inLanguage\":\"en-US\",\"potentialAction\":[{\"@type\":\"ReadAction\",\"target\":[\"https:\/\/mrnf.gouv.qc.ca\/en\/our-publications\/contemporary-issues-temperate-forest-part-4-climate-change\/\"]}]},{\"@type\":\"BreadcrumbList\",\"@id\":\"https:\/\/mrnf.gouv.qc.ca\/en\/our-publications\/contemporary-issues-temperate-forest-part-4-climate-change\/#breadcrumb\",\"itemListElement\":[{\"@type\":\"ListItem\",\"position\":1,\"name\":\"Accueil\",\"item\":\"https:\/\/mrnf.gouv.qc.ca\/en\/\"},{\"@type\":\"ListItem\",\"position\":2,\"name\":\"Publications\",\"item\":\"https:\/\/mrnf.gouv.qc.ca\/nos-publications\/\"},{\"@type\":\"ListItem\",\"position\":3,\"name\":\"Contemporary Issues in Qu\u00e9bec\u2019s Temperate Forest \u2014 Part 4: Climate Change\"}]},{\"@type\":\"WebSite\",\"@id\":\"https:\/\/mrnf.gouv.qc.ca\/#website\",\"url\":\"https:\/\/mrnf.gouv.qc.ca\/\",\"name\":\"Minist\u00e8re des Ressources naturelles et des For\u00eats\",\"description\":\"Prototype WordPress\",\"potentialAction\":[{\"@type\":\"SearchAction\",\"target\":{\"@type\":\"EntryPoint\",\"urlTemplate\":\"https:\/\/mrnf.gouv.qc.ca\/?s={search_term_string}\"},\"query-input\":{\"@type\":\"PropertyValueSpecification\",\"valueRequired\":true,\"valueName\":\"search_term_string\"}}],\"inLanguage\":\"en-US\"}]}<\/script>\n<!-- \/ Yoast SEO plugin. -->","yoast_head_json":{"title":"Contemporary Issues in Qu\u00e9bec\u2019s Temperate Forest \u2014 Part 4: Climate Change - Minist\u00e8re des Ressources naturelles et des For\u00eats","description":"Analysis of climate change impacts on temperate forests in Qu\u00e9bec and identification of socio-economic and ecological issues.","robots":{"index":"index","follow":"follow","max-snippet":"max-snippet:-1","max-image-preview":"max-image-preview:large","max-video-preview":"max-video-preview:-1"},"canonical":"https:\/\/mrnf.gouv.qc.ca\/en\/our-publications\/contemporary-issues-temperate-forest-part-4-climate-change\/","og_locale":"en_US","og_type":"article","og_title":"Contemporary Issues in Qu\u00e9bec\u2019s Temperate Forest \u2014 Part 4: Climate Change - Minist\u00e8re des Ressources naturelles et des For\u00eats","og_description":"Analysis of climate change impacts on temperate forests in Qu\u00e9bec and identification of socio-economic and ecological issues.","og_url":"https:\/\/mrnf.gouv.qc.ca\/en\/our-publications\/contemporary-issues-temperate-forest-part-4-climate-change\/","og_site_name":"Minist\u00e8re des Ressources naturelles et des For\u00eats","article_publisher":"https:\/\/www.facebook.com\/RessourcesNaturellesForets\/","article_modified_time":"2026-04-16T15:32:11+00:00","og_image":[{"width":1200,"height":630,"url":"\/wp-content\/uploads\/Image-g%c3%a9n%c3%a9rale-hiver_FB.jpg","type":"image\/jpeg"}],"twitter_card":"summary_large_image","twitter_site":"@mrnfqc","twitter_misc":{"Est. reading time":"2 minutes"},"schema":{"@context":"https:\/\/schema.org","@graph":[{"@type":"WebPage","@id":"https:\/\/mrnf.gouv.qc.ca\/en\/our-publications\/contemporary-issues-temperate-forest-part-4-climate-change\/","url":"https:\/\/mrnf.gouv.qc.ca\/en\/our-publications\/contemporary-issues-temperate-forest-part-4-climate-change\/","name":"Contemporary Issues in Qu\u00e9bec\u2019s Temperate Forest \u2014 Part 4: Climate Change - Minist\u00e8re des Ressources naturelles et des For\u00eats","isPartOf":{"@id":"https:\/\/mrnf.gouv.qc.ca\/#website"},"datePublished":"2026-04-16T15:32:01+00:00","dateModified":"2026-04-16T15:32:11+00:00","description":"Analysis of climate change impacts on temperate forests in Qu\u00e9bec and identification of socio-economic and ecological issues.","breadcrumb":{"@id":"https:\/\/mrnf.gouv.qc.ca\/en\/our-publications\/contemporary-issues-temperate-forest-part-4-climate-change\/#breadcrumb"},"inLanguage":"en-US","potentialAction":[{"@type":"ReadAction","target":["https:\/\/mrnf.gouv.qc.ca\/en\/our-publications\/contemporary-issues-temperate-forest-part-4-climate-change\/"]}]},{"@type":"BreadcrumbList","@id":"https:\/\/mrnf.gouv.qc.ca\/en\/our-publications\/contemporary-issues-temperate-forest-part-4-climate-change\/#breadcrumb","itemListElement":[{"@type":"ListItem","position":1,"name":"Accueil","item":"https:\/\/mrnf.gouv.qc.ca\/en\/"},{"@type":"ListItem","position":2,"name":"Publications","item":"https:\/\/mrnf.gouv.qc.ca\/nos-publications\/"},{"@type":"ListItem","position":3,"name":"Contemporary Issues in Qu\u00e9bec\u2019s Temperate Forest \u2014 Part 4: Climate Change"}]},{"@type":"WebSite","@id":"https:\/\/mrnf.gouv.qc.ca\/#website","url":"https:\/\/mrnf.gouv.qc.ca\/","name":"Minist\u00e8re des Ressources naturelles et des For\u00eats","description":"Prototype WordPress","potentialAction":[{"@type":"SearchAction","target":{"@type":"EntryPoint","urlTemplate":"https:\/\/mrnf.gouv.qc.ca\/?s={search_term_string}"},"query-input":{"@type":"PropertyValueSpecification","valueRequired":true,"valueName":"search_term_string"}}],"inLanguage":"en-US"}]}},"_links":{"self":[{"href":"https:\/\/mrnf.gouv.qc.ca\/en\/wp-json\/wp\/v2\/cpt_publication\/97764","targetHints":{"allow":["GET"]}}],"collection":[{"href":"https:\/\/mrnf.gouv.qc.ca\/en\/wp-json\/wp\/v2\/cpt_publication"}],"about":[{"href":"https:\/\/mrnf.gouv.qc.ca\/en\/wp-json\/wp\/v2\/types\/cpt_publication"}],"version-history":[{"count":3,"href":"https:\/\/mrnf.gouv.qc.ca\/en\/wp-json\/wp\/v2\/cpt_publication\/97764\/revisions"}],"predecessor-version":[{"id":97857,"href":"https:\/\/mrnf.gouv.qc.ca\/en\/wp-json\/wp\/v2\/cpt_publication\/97764\/revisions\/97857"}],"wp:attachment":[{"href":"https:\/\/mrnf.gouv.qc.ca\/en\/wp-json\/wp\/v2\/media?parent=97764"}],"wp:term":[{"taxonomy":"cptt_secteur","embeddable":true,"href":"https:\/\/mrnf.gouv.qc.ca\/en\/wp-json\/wp\/v2\/cptt_secteur?post=97764"},{"taxonomy":"cptt_theme","embeddable":true,"href":"https:\/\/mrnf.gouv.qc.ca\/en\/wp-json\/wp\/v2\/cptt_theme?post=97764"},{"taxonomy":"cptt_categ_publi","embeddable":true,"href":"https:\/\/mrnf.gouv.qc.ca\/en\/wp-json\/wp\/v2\/cptt_categ_publi?post=97764"},{"taxonomy":"cptt_auteurs_ministeriels","embeddable":true,"href":"https:\/\/mrnf.gouv.qc.ca\/en\/wp-json\/wp\/v2\/cptt_auteurs_ministeriels?post=97764"}],"curies":[{"name":"wp","href":"https:\/\/api.w.org\/{rel}","templated":true}]}}

Contemporary Issues in Québec’s Temperate Forest — Part 4: Climate Change

<p><strong>Published in The Forestry Chronicle 102(1):92-109 </strong></p>
<p>This paper is the fourth in a series on the topic of contemporary issues in Québec’s temperate forest. It focuses on the topic of climate change, beginning with a brief profile of climate history and changes, both contemporary and anticipated. It discusses the main impacts of climate change for forest ecosystems and the issues raised. Numerous studies have shown that rapidly rising temperatures since the mid-1970s have affected various aspects of forest ecosystems, including forest composition and productivity, natural disturbance regimes, the biogeochemical cycle of elements, wildlife populations and maple syrup production. Despite this, however, no major issues were identified for the three principal tree species in Québec’s northern temperate zone (i.e., sugar maple [<em>Acer saccharum</em> Marsh.], red maple [<em>Acer rubrum</em> L.] and yellow birch [<em>Betula alleghaniensis</em> Britt.]) as a result of anticipated climate change between now and the end of the century. The climate in the current temperate zone is likely to remain within the conditions generally encountered in these species’ range. Similarly, the natural disturbance regime in the zone is not expected to change significantly. However, we did identify some important socioeconomic and ecological issues arising from the impacts of climate change for forest ecosystems.</p>

<p>Published in The Forestry Chronicle 102(1):92-109  This paper is the fourth in a series on the topic of contemporary issues in Québec’s temperate forest. It focuses on the topic of climate change, beginning with a brief profile of climate history and changes, both contemporary and anticipated. It discusses the main impacts of climate change for [&hellip;]</p>

<!-- This site is optimized with the Yoast SEO plugin v24.9 - https://yoast.com/wordpress/plugins/seo/ -->
<title>Contemporary Issues in Québec’s Temperate Forest — Part 4: Climate Change - Ministère des Ressources naturelles et des Forêts</title>
<meta name="description" content="Analysis of climate change impacts on temperate forests in Québec and identification of socio-economic and ecological issues." />
<meta name="robots" content="index, follow, max-snippet:-1, max-image-preview:large, max-video-preview:-1" />
<link rel="canonical" href="https://mrnf.gouv.qc.ca/en/our-publications/contemporary-issues-temperate-forest-part-4-climate-change/" />
<meta property="og:locale" content="en_US" />
<meta property="og:type" content="article" />
<meta property="og:title" content="Contemporary Issues in Québec’s Temperate Forest — Part 4: Climate Change - Ministère des Ressources naturelles et des Forêts" />
<meta property="og:description" content="Analysis of climate change impacts on temperate forests in Québec and identification of socio-economic and ecological issues." />
<meta property="og:url" content="https://mrnf.gouv.qc.ca/en/our-publications/contemporary-issues-temperate-forest-part-4-climate-change/" />
<meta property="og:site_name" content="Ministère des Ressources naturelles et des Forêts" />
<meta property="article:publisher" content="https://www.facebook.com/RessourcesNaturellesForets/" />
<meta property="article:modified_time" content="2026-04-16T15:32:11+00:00" />
<meta property="og:image" content="/wp-content/uploads/Image-g%c3%a9n%c3%a9rale-hiver_FB.jpg" />
	<meta property="og:image:width" content="1200" />
	<meta property="og:image:height" content="630" />
	<meta property="og:image:type" content="image/jpeg" />
<meta name="twitter:card" content="summary_large_image" />
<meta name="twitter:site" content="@mrnfqc" />
<meta name="twitter:label1" content="Est. reading time" />
	<meta name="twitter:data1" content="2 minutes" />
<script type="application/ld+json" class="yoast-schema-graph">{"@context":"https://schema.org","@graph":[{"@type":"WebPage","@id":"https://mrnf.gouv.qc.ca/en/our-publications/contemporary-issues-temperate-forest-part-4-climate-change/","url":"https://mrnf.gouv.qc.ca/en/our-publications/contemporary-issues-temperate-forest-part-4-climate-change/","name":"Contemporary Issues in Québec’s Temperate Forest — Part 4: Climate Change - Ministère des Ressources naturelles et des Forêts","isPartOf":{"@id":"https://mrnf.gouv.qc.ca/#website"},"datePublished":"2026-04-16T15:32:01+00:00","dateModified":"2026-04-16T15:32:11+00:00","description":"Analysis of climate change impacts on temperate forests in Québec and identification of socio-economic and ecological issues.","breadcrumb":{"@id":"https://mrnf.gouv.qc.ca/en/our-publications/contemporary-issues-temperate-forest-part-4-climate-change/#breadcrumb"},"inLanguage":"en-US","potentialAction":[{"@type":"ReadAction","target":["https://mrnf.gouv.qc.ca/en/our-publications/contemporary-issues-temperate-forest-part-4-climate-change/"]}]},{"@type":"BreadcrumbList","@id":"https://mrnf.gouv.qc.ca/en/our-publications/contemporary-issues-temperate-forest-part-4-climate-change/#breadcrumb","itemListElement":[{"@type":"ListItem","position":1,"name":"Accueil","item":"https://mrnf.gouv.qc.ca/en/"},{"@type":"ListItem","position":2,"name":"Publications","item":"https://mrnf.gouv.qc.ca/nos-publications/"},{"@type":"ListItem","position":3,"name":"Contemporary Issues in Québec’s Temperate Forest — Part 4: Climate Change"}]},{"@type":"WebSite","@id":"https://mrnf.gouv.qc.ca/#website","url":"https://mrnf.gouv.qc.ca/","name":"Ministère des Ressources naturelles et des Forêts","description":"Prototype WordPress","potentialAction":[{"@type":"SearchAction","target":{"@type":"EntryPoint","urlTemplate":"https://mrnf.gouv.qc.ca/?s={search_term_string}"},"query-input":{"@type":"PropertyValueSpecification","valueRequired":true,"valueName":"search_term_string"}}],"inLanguage":"en-US"}]}</script>
<!-- / Yoast SEO plugin. -->

Contemporary Issues in Québec’s Temperate Forest — Part 4: Climate Change - Ministère des Ressources naturelles et des Forêts

Analysis of climate change impacts on temperate forests in Québec and identification of socio-economic and ecological issues.

Ministère des Ressources naturelles et des Forêts
