


{"id":84879,"date":"2025-09-18T14:10:29","date_gmt":"2025-09-18T18:10:29","guid":{"rendered":"https:\/\/mrnf.gouv.qc.ca\/?post_type=cpt_qme-conferencier&#038;p=84879"},"modified":"2026-02-05T10:13:03","modified_gmt":"2026-02-05T15:13:03","slug":"exemple-en","status":"publish","type":"cpt_qme-conferencier","link":"https:\/\/mrnf.gouv.qc.ca\/en\/quebec-mines\/conferenciers\/exemple-en\/","title":{"rendered":"Pr\u00e9nom, Nom"},"template":"","class_list":["post-84879","cpt_qme-conferencier","type-cpt_qme-conferencier","status-publish","hentry"],"acf":[],"yoast_head":"<!-- This site is optimized with the Yoast SEO plugin v24.9 - https:\/\/yoast.com\/wordpress\/plugins\/seo\/ -->\n<title>Pr\u00e9nom, Nom - Minist\u00e8re des Ressources naturelles et des For\u00eats<\/title>\n<meta name=\"robots\" content=\"index, follow, max-snippet:-1, max-image-preview:large, max-video-preview:-1\" \/>\n<link rel=\"canonical\" href=\"https:\/\/mrnf.gouv.qc.ca\/en\/quebec-mines\/conferenciers\/exemple-en\/\" \/>\n<meta property=\"og:locale\" content=\"en_US\" \/>\n<meta property=\"og:type\" content=\"article\" \/>\n<meta property=\"og:title\" content=\"Pr\u00e9nom, Nom - Minist\u00e8re des Ressources naturelles et des For\u00eats\" \/>\n<meta property=\"og:url\" content=\"https:\/\/mrnf.gouv.qc.ca\/en\/quebec-mines\/conferenciers\/exemple-en\/\" \/>\n<meta property=\"og:site_name\" content=\"Minist\u00e8re des Ressources naturelles et des For\u00eats\" \/>\n<meta property=\"article:publisher\" content=\"https:\/\/www.facebook.com\/RessourcesNaturellesForets\/\" \/>\n<meta property=\"article:modified_time\" content=\"2026-02-05T15:13:03+00:00\" \/>\n<meta property=\"og:image\" content=\"\/wp-content\/uploads\/Image-g%c3%a9n%c3%a9rale-hiver_FB.jpg\" \/>\n\t<meta property=\"og:image:width\" content=\"1200\" \/>\n\t<meta property=\"og:image:height\" content=\"630\" \/>\n\t<meta property=\"og:image:type\" content=\"image\/jpeg\" \/>\n<meta name=\"twitter:card\" content=\"summary_large_image\" \/>\n<meta name=\"twitter:site\" content=\"@mrnfqc\" \/>\n<script type=\"application\/ld+json\" class=\"yoast-schema-graph\">{\"@context\":\"https:\/\/schema.org\",\"@graph\":[{\"@type\":\"WebPage\",\"@id\":\"https:\/\/mrnf.gouv.qc.ca\/en\/quebec-mines\/conferenciers\/exemple-en\/\",\"url\":\"https:\/\/mrnf.gouv.qc.ca\/en\/quebec-mines\/conferenciers\/exemple-en\/\",\"name\":\"Pr\u00e9nom, Nom - Minist\u00e8re des Ressources naturelles et des For\u00eats\",\"isPartOf\":{\"@id\":\"https:\/\/mrnf.gouv.qc.ca\/#website\"},\"datePublished\":\"2025-09-18T18:10:29+00:00\",\"dateModified\":\"2026-02-05T15:13:03+00:00\",\"breadcrumb\":{\"@id\":\"https:\/\/mrnf.gouv.qc.ca\/en\/quebec-mines\/conferenciers\/exemple-en\/#breadcrumb\"},\"inLanguage\":\"en-US\",\"potentialAction\":[{\"@type\":\"ReadAction\",\"target\":[\"https:\/\/mrnf.gouv.qc.ca\/en\/quebec-mines\/conferenciers\/exemple-en\/\"]}]},{\"@type\":\"BreadcrumbList\",\"@id\":\"https:\/\/mrnf.gouv.qc.ca\/en\/quebec-mines\/conferenciers\/exemple-en\/#breadcrumb\",\"itemListElement\":[{\"@type\":\"ListItem\",\"position\":1,\"name\":\"Accueil\",\"item\":\"https:\/\/mrnf.gouv.qc.ca\/en\/\"},{\"@type\":\"ListItem\",\"position\":2,\"name\":\"Pr\u00e9nom, Nom\"}]},{\"@type\":\"WebSite\",\"@id\":\"https:\/\/mrnf.gouv.qc.ca\/#website\",\"url\":\"https:\/\/mrnf.gouv.qc.ca\/\",\"name\":\"Minist\u00e8re des Ressources naturelles et des For\u00eats\",\"description\":\"Prototype WordPress\",\"potentialAction\":[{\"@type\":\"SearchAction\",\"target\":{\"@type\":\"EntryPoint\",\"urlTemplate\":\"https:\/\/mrnf.gouv.qc.ca\/?s={search_term_string}\"},\"query-input\":{\"@type\":\"PropertyValueSpecification\",\"valueRequired\":true,\"valueName\":\"search_term_string\"}}],\"inLanguage\":\"en-US\"}]}<\/script>\n<!-- \/ Yoast SEO plugin. -->","yoast_head_json":{"title":"Pr\u00e9nom, Nom - Minist\u00e8re des Ressources naturelles et des For\u00eats","robots":{"index":"index","follow":"follow","max-snippet":"max-snippet:-1","max-image-preview":"max-image-preview:large","max-video-preview":"max-video-preview:-1"},"canonical":"https:\/\/mrnf.gouv.qc.ca\/en\/quebec-mines\/conferenciers\/exemple-en\/","og_locale":"en_US","og_type":"article","og_title":"Pr\u00e9nom, Nom - Minist\u00e8re des Ressources naturelles et des For\u00eats","og_url":"https:\/\/mrnf.gouv.qc.ca\/en\/quebec-mines\/conferenciers\/exemple-en\/","og_site_name":"Minist\u00e8re des Ressources naturelles et des For\u00eats","article_publisher":"https:\/\/www.facebook.com\/RessourcesNaturellesForets\/","article_modified_time":"2026-02-05T15:13:03+00:00","og_image":[{"width":1200,"height":630,"url":"\/wp-content\/uploads\/Image-g%c3%a9n%c3%a9rale-hiver_FB.jpg","type":"image\/jpeg"}],"twitter_card":"summary_large_image","twitter_site":"@mrnfqc","schema":{"@context":"https:\/\/schema.org","@graph":[{"@type":"WebPage","@id":"https:\/\/mrnf.gouv.qc.ca\/en\/quebec-mines\/conferenciers\/exemple-en\/","url":"https:\/\/mrnf.gouv.qc.ca\/en\/quebec-mines\/conferenciers\/exemple-en\/","name":"Pr\u00e9nom, Nom - Minist\u00e8re des Ressources naturelles et des For\u00eats","isPartOf":{"@id":"https:\/\/mrnf.gouv.qc.ca\/#website"},"datePublished":"2025-09-18T18:10:29+00:00","dateModified":"2026-02-05T15:13:03+00:00","breadcrumb":{"@id":"https:\/\/mrnf.gouv.qc.ca\/en\/quebec-mines\/conferenciers\/exemple-en\/#breadcrumb"},"inLanguage":"en-US","potentialAction":[{"@type":"ReadAction","target":["https:\/\/mrnf.gouv.qc.ca\/en\/quebec-mines\/conferenciers\/exemple-en\/"]}]},{"@type":"BreadcrumbList","@id":"https:\/\/mrnf.gouv.qc.ca\/en\/quebec-mines\/conferenciers\/exemple-en\/#breadcrumb","itemListElement":[{"@type":"ListItem","position":1,"name":"Accueil","item":"https:\/\/mrnf.gouv.qc.ca\/en\/"},{"@type":"ListItem","position":2,"name":"Pr\u00e9nom, Nom"}]},{"@type":"WebSite","@id":"https:\/\/mrnf.gouv.qc.ca\/#website","url":"https:\/\/mrnf.gouv.qc.ca\/","name":"Minist\u00e8re des Ressources naturelles et des For\u00eats","description":"Prototype WordPress","potentialAction":[{"@type":"SearchAction","target":{"@type":"EntryPoint","urlTemplate":"https:\/\/mrnf.gouv.qc.ca\/?s={search_term_string}"},"query-input":{"@type":"PropertyValueSpecification","valueRequired":true,"valueName":"search_term_string"}}],"inLanguage":"en-US"}]}},"_links":{"self":[{"href":"https:\/\/mrnf.gouv.qc.ca\/en\/wp-json\/wp\/v2\/conferencier\/84879","targetHints":{"allow":["GET"]}}],"collection":[{"href":"https:\/\/mrnf.gouv.qc.ca\/en\/wp-json\/wp\/v2\/conferencier"}],"about":[{"href":"https:\/\/mrnf.gouv.qc.ca\/en\/wp-json\/wp\/v2\/types\/cpt_qme-conferencier"}],"version-history":[{"count":3,"href":"https:\/\/mrnf.gouv.qc.ca\/en\/wp-json\/wp\/v2\/conferencier\/84879\/revisions"}],"predecessor-version":[{"id":92419,"href":"https:\/\/mrnf.gouv.qc.ca\/en\/wp-json\/wp\/v2\/conferencier\/84879\/revisions\/92419"}],"wp:attachment":[{"href":"https:\/\/mrnf.gouv.qc.ca\/en\/wp-json\/wp\/v2\/media?parent=84879"}],"curies":[{"name":"wp","href":"https:\/\/api.w.org\/{rel}","templated":true}]}}

Prénom, Nom

<!-- This site is optimized with the Yoast SEO plugin v24.9 - https://yoast.com/wordpress/plugins/seo/ -->
<title>Prénom, Nom - Ministère des Ressources naturelles et des Forêts</title>
<meta name="robots" content="index, follow, max-snippet:-1, max-image-preview:large, max-video-preview:-1" />
<link rel="canonical" href="https://mrnf.gouv.qc.ca/en/quebec-mines/conferenciers/exemple-en/" />
<meta property="og:locale" content="en_US" />
<meta property="og:type" content="article" />
<meta property="og:title" content="Prénom, Nom - Ministère des Ressources naturelles et des Forêts" />
<meta property="og:url" content="https://mrnf.gouv.qc.ca/en/quebec-mines/conferenciers/exemple-en/" />
<meta property="og:site_name" content="Ministère des Ressources naturelles et des Forêts" />
<meta property="article:publisher" content="https://www.facebook.com/RessourcesNaturellesForets/" />
<meta property="article:modified_time" content="2026-02-05T15:13:03+00:00" />
<meta property="og:image" content="/wp-content/uploads/Image-g%c3%a9n%c3%a9rale-hiver_FB.jpg" />
	<meta property="og:image:width" content="1200" />
	<meta property="og:image:height" content="630" />
	<meta property="og:image:type" content="image/jpeg" />
<meta name="twitter:card" content="summary_large_image" />
<meta name="twitter:site" content="@mrnfqc" />
<script type="application/ld+json" class="yoast-schema-graph">{"@context":"https://schema.org","@graph":[{"@type":"WebPage","@id":"https://mrnf.gouv.qc.ca/en/quebec-mines/conferenciers/exemple-en/","url":"https://mrnf.gouv.qc.ca/en/quebec-mines/conferenciers/exemple-en/","name":"Prénom, Nom - Ministère des Ressources naturelles et des Forêts","isPartOf":{"@id":"https://mrnf.gouv.qc.ca/#website"},"datePublished":"2025-09-18T18:10:29+00:00","dateModified":"2026-02-05T15:13:03+00:00","breadcrumb":{"@id":"https://mrnf.gouv.qc.ca/en/quebec-mines/conferenciers/exemple-en/#breadcrumb"},"inLanguage":"en-US","potentialAction":[{"@type":"ReadAction","target":["https://mrnf.gouv.qc.ca/en/quebec-mines/conferenciers/exemple-en/"]}]},{"@type":"BreadcrumbList","@id":"https://mrnf.gouv.qc.ca/en/quebec-mines/conferenciers/exemple-en/#breadcrumb","itemListElement":[{"@type":"ListItem","position":1,"name":"Accueil","item":"https://mrnf.gouv.qc.ca/en/"},{"@type":"ListItem","position":2,"name":"Prénom, Nom"}]},{"@type":"WebSite","@id":"https://mrnf.gouv.qc.ca/#website","url":"https://mrnf.gouv.qc.ca/","name":"Ministère des Ressources naturelles et des Forêts","description":"Prototype WordPress","potentialAction":[{"@type":"SearchAction","target":{"@type":"EntryPoint","urlTemplate":"https://mrnf.gouv.qc.ca/?s={search_term_string}"},"query-input":{"@type":"PropertyValueSpecification","valueRequired":true,"valueName":"search_term_string"}}],"inLanguage":"en-US"}]}</script>
<!-- / Yoast SEO plugin. -->

Prénom, Nom - Ministère des Ressources naturelles et des Forêts

Ministère des Ressources naturelles et des Forêts
