


{"id":95616,"date":"2018-06-06T14:09:37","date_gmt":"2018-06-06T18:09:37","guid":{"rendered":"https:\/\/mrnf.gouv.qc.ca\/RADF\/schedule-1\/"},"modified":"2026-03-16T14:38:44","modified_gmt":"2026-03-16T18:38:44","slug":"schedule-1","status":"publish","type":"cpt_radf","link":"https:\/\/mrnf.gouv.qc.ca\/en\/RADF\/guide\/schedules\/schedule-1\/","title":{"rendered":"Schedule 1 &#8211; Vegetation areas and bioclimatic domains of Qu\u00e9bec"},"content":{"rendered":"<p>[et_pb_section fb_built=&#8221;1&#8243; module_class=&#8221;bg-radf&#8221; _builder_version=&#8221;4.16&#8243; global_colors_info=&#8221;{}&#8221;][et_pb_row module_class=&#8221;wrapper-radf&#8221; _builder_version=&#8221;4.16&#8243; global_colors_info=&#8221;{}&#8221;][et_pb_column type=&#8221;4_4&#8243; _builder_version=&#8221;4.16&#8243; custom_padding=&#8221;|||&#8221; global_colors_info=&#8221;{}&#8221; custom_padding__hover=&#8221;|||&#8221;][et_pb_text _builder_version=&#8221;4.27.5&#8243; hover_enabled=&#8221;0&#8243; global_colors_info=&#8221;{}&#8221; sticky_enabled=&#8221;0&#8243;]<\/p>\n<h1>Schedule 1<\/h1>\n<h2>Vegetation and bioclimatic domains of Qu\u00e9bec<\/h2>\n<p><a href=\"\/wp-content\/uploads\/annexe01Figureannexe01a.jpg\" target=\"_blank\" rel=\"noopener\"><img loading=\"lazy\" decoding=\"async\" class=\"alignnone\" title=\"Figure Annexe 1-A\" src=\"\/wp-content\/uploads\/annexe01Figureannexe01a.jpg\" alt=\"Figure Annexe-1A\" width=\"572\" height=\"1057\" \/><\/a><\/p>\n<p>&nbsp;<\/p>\n<p>[\/et_pb_text][\/et_pb_column][\/et_pb_row][\/et_pb_section]<\/p>\n","protected":false},"featured_media":0,"parent":95263,"menu_order":0,"template":"","format":"standard","meta":{"_acf_changed":false,"_et_pb_use_builder":"","_et_pb_old_content":"","_et_gb_content_width":"","_oasis_is_in_workflow":0,"_oasis_original":0,"_oasis_task_priority":""},"class_list":["post-95616","cpt_radf","type-cpt_radf","status-publish","format-standard","hentry"],"acf":[],"yoast_head":"<!-- This site is optimized with the Yoast SEO plugin v24.9 - https:\/\/yoast.com\/wordpress\/plugins\/seo\/ -->\n<title>Schedule 1 - Vegetation areas and bioclimatic domains of Qu\u00e9bec - Minist\u00e8re des Ressources naturelles et des For\u00eats<\/title>\n<meta name=\"robots\" content=\"index, follow, max-snippet:-1, max-image-preview:large, max-video-preview:-1\" \/>\n<link rel=\"canonical\" href=\"https:\/\/mrnf.gouv.qc.ca\/en\/RADF\/guide\/schedules\/schedule-1\/\" \/>\n<meta property=\"og:locale\" content=\"en_US\" \/>\n<meta property=\"og:type\" content=\"article\" \/>\n<meta property=\"og:title\" content=\"Schedule 1 - Vegetation areas and bioclimatic domains of Qu\u00e9bec - Minist\u00e8re des Ressources naturelles et des For\u00eats\" \/>\n<meta property=\"og:description\" content=\"[et_pb_section fb_built=&#8221;1&#8243; module_class=&#8221;bg-radf&#8221; _builder_version=&#8221;4.16&#8243; global_colors_info=&#8221;{}&#8221;][et_pb_row module_class=&#8221;wrapper-radf&#8221; _builder_version=&#8221;4.16&#8243; global_colors_info=&#8221;{}&#8221;][et_pb_column type=&#8221;4_4&#8243; _builder_version=&#8221;4.16&#8243; custom_padding=&#8221;|||&#8221; global_colors_info=&#8221;{}&#8221; custom_padding__hover=&#8221;|||&#8221;][et_pb_text _builder_version=&#8221;4.27.5&#8243; hover_enabled=&#8221;0&#8243; global_colors_info=&#8221;{}&#8221; sticky_enabled=&#8221;0&#8243;] Schedule 1 Vegetation and bioclimatic domains of Qu\u00e9bec &nbsp; [\/et_pb_text][\/et_pb_column][\/et_pb_row][\/et_pb_section]\" \/>\n<meta property=\"og:url\" content=\"https:\/\/mrnf.gouv.qc.ca\/en\/RADF\/guide\/schedules\/schedule-1\/\" \/>\n<meta property=\"og:site_name\" content=\"Minist\u00e8re des Ressources naturelles et des For\u00eats\" \/>\n<meta property=\"article:publisher\" content=\"https:\/\/www.facebook.com\/RessourcesNaturellesForets\/\" \/>\n<meta property=\"article:modified_time\" content=\"2026-03-16T18:38:44+00:00\" \/>\n<meta property=\"og:image\" content=\"\/wp-content\/uploads\/Image-g%c3%a9n%c3%a9rale-hiver_FB.jpg\" \/>\n\t<meta property=\"og:image:width\" content=\"1200\" \/>\n\t<meta property=\"og:image:height\" content=\"630\" \/>\n\t<meta property=\"og:image:type\" content=\"image\/jpeg\" \/>\n<meta name=\"twitter:card\" content=\"summary_large_image\" \/>\n<meta name=\"twitter:site\" content=\"@mrnfqc\" \/>\n<script type=\"application\/ld+json\" class=\"yoast-schema-graph\">{\"@context\":\"https:\/\/schema.org\",\"@graph\":[{\"@type\":\"WebPage\",\"@id\":\"https:\/\/mrnf.gouv.qc.ca\/en\/RADF\/guide\/schedules\/schedule-1\/\",\"url\":\"https:\/\/mrnf.gouv.qc.ca\/en\/RADF\/guide\/schedules\/schedule-1\/\",\"name\":\"Schedule 1 - Vegetation areas and bioclimatic domains of Qu\u00e9bec - Minist\u00e8re des Ressources naturelles et des For\u00eats\",\"isPartOf\":{\"@id\":\"https:\/\/mrnf.gouv.qc.ca\/#website\"},\"datePublished\":\"2018-06-06T18:09:37+00:00\",\"dateModified\":\"2026-03-16T18:38:44+00:00\",\"inLanguage\":\"en-US\",\"potentialAction\":[{\"@type\":\"ReadAction\",\"target\":[\"https:\/\/mrnf.gouv.qc.ca\/en\/RADF\/guide\/schedules\/schedule-1\/\"]}]},{\"@type\":\"WebSite\",\"@id\":\"https:\/\/mrnf.gouv.qc.ca\/#website\",\"url\":\"https:\/\/mrnf.gouv.qc.ca\/\",\"name\":\"Minist\u00e8re des Ressources naturelles et des For\u00eats\",\"description\":\"Prototype WordPress\",\"potentialAction\":[{\"@type\":\"SearchAction\",\"target\":{\"@type\":\"EntryPoint\",\"urlTemplate\":\"https:\/\/mrnf.gouv.qc.ca\/?s={search_term_string}\"},\"query-input\":{\"@type\":\"PropertyValueSpecification\",\"valueRequired\":true,\"valueName\":\"search_term_string\"}}],\"inLanguage\":\"en-US\"}]}<\/script>\n<!-- \/ Yoast SEO plugin. -->","yoast_head_json":{"title":"Schedule 1 - Vegetation areas and bioclimatic domains of Qu\u00e9bec - Minist\u00e8re des Ressources naturelles et des For\u00eats","robots":{"index":"index","follow":"follow","max-snippet":"max-snippet:-1","max-image-preview":"max-image-preview:large","max-video-preview":"max-video-preview:-1"},"canonical":"https:\/\/mrnf.gouv.qc.ca\/en\/RADF\/guide\/schedules\/schedule-1\/","og_locale":"en_US","og_type":"article","og_title":"Schedule 1 - Vegetation areas and bioclimatic domains of Qu\u00e9bec - Minist\u00e8re des Ressources naturelles et des For\u00eats","og_description":"[et_pb_section fb_built=&#8221;1&#8243; module_class=&#8221;bg-radf&#8221; _builder_version=&#8221;4.16&#8243; global_colors_info=&#8221;{}&#8221;][et_pb_row module_class=&#8221;wrapper-radf&#8221; _builder_version=&#8221;4.16&#8243; global_colors_info=&#8221;{}&#8221;][et_pb_column type=&#8221;4_4&#8243; _builder_version=&#8221;4.16&#8243; custom_padding=&#8221;|||&#8221; global_colors_info=&#8221;{}&#8221; custom_padding__hover=&#8221;|||&#8221;][et_pb_text _builder_version=&#8221;4.27.5&#8243; hover_enabled=&#8221;0&#8243; global_colors_info=&#8221;{}&#8221; sticky_enabled=&#8221;0&#8243;] Schedule 1 Vegetation and bioclimatic domains of Qu\u00e9bec &nbsp; [\/et_pb_text][\/et_pb_column][\/et_pb_row][\/et_pb_section]","og_url":"https:\/\/mrnf.gouv.qc.ca\/en\/RADF\/guide\/schedules\/schedule-1\/","og_site_name":"Minist\u00e8re des Ressources naturelles et des For\u00eats","article_publisher":"https:\/\/www.facebook.com\/RessourcesNaturellesForets\/","article_modified_time":"2026-03-16T18:38:44+00:00","og_image":[{"width":1200,"height":630,"url":"\/wp-content\/uploads\/Image-g%c3%a9n%c3%a9rale-hiver_FB.jpg","type":"image\/jpeg"}],"twitter_card":"summary_large_image","twitter_site":"@mrnfqc","schema":{"@context":"https:\/\/schema.org","@graph":[{"@type":"WebPage","@id":"https:\/\/mrnf.gouv.qc.ca\/en\/RADF\/guide\/schedules\/schedule-1\/","url":"https:\/\/mrnf.gouv.qc.ca\/en\/RADF\/guide\/schedules\/schedule-1\/","name":"Schedule 1 - Vegetation areas and bioclimatic domains of Qu\u00e9bec - Minist\u00e8re des Ressources naturelles et des For\u00eats","isPartOf":{"@id":"https:\/\/mrnf.gouv.qc.ca\/#website"},"datePublished":"2018-06-06T18:09:37+00:00","dateModified":"2026-03-16T18:38:44+00:00","inLanguage":"en-US","potentialAction":[{"@type":"ReadAction","target":["https:\/\/mrnf.gouv.qc.ca\/en\/RADF\/guide\/schedules\/schedule-1\/"]}]},{"@type":"WebSite","@id":"https:\/\/mrnf.gouv.qc.ca\/#website","url":"https:\/\/mrnf.gouv.qc.ca\/","name":"Minist\u00e8re des Ressources naturelles et des For\u00eats","description":"Prototype WordPress","potentialAction":[{"@type":"SearchAction","target":{"@type":"EntryPoint","urlTemplate":"https:\/\/mrnf.gouv.qc.ca\/?s={search_term_string}"},"query-input":{"@type":"PropertyValueSpecification","valueRequired":true,"valueName":"search_term_string"}}],"inLanguage":"en-US"}]}},"_links":{"self":[{"href":"https:\/\/mrnf.gouv.qc.ca\/en\/wp-json\/wp\/v2\/RADF\/95616","targetHints":{"allow":["GET"]}}],"collection":[{"href":"https:\/\/mrnf.gouv.qc.ca\/en\/wp-json\/wp\/v2\/RADF"}],"about":[{"href":"https:\/\/mrnf.gouv.qc.ca\/en\/wp-json\/wp\/v2\/types\/cpt_radf"}],"version-history":[{"count":2,"href":"https:\/\/mrnf.gouv.qc.ca\/en\/wp-json\/wp\/v2\/RADF\/95616\/revisions"}],"predecessor-version":[{"id":95919,"href":"https:\/\/mrnf.gouv.qc.ca\/en\/wp-json\/wp\/v2\/RADF\/95616\/revisions\/95919"}],"up":[{"embeddable":true,"href":"https:\/\/mrnf.gouv.qc.ca\/en\/wp-json\/wp\/v2\/RADF\/95263"}],"wp:attachment":[{"href":"https:\/\/mrnf.gouv.qc.ca\/en\/wp-json\/wp\/v2\/media?parent=95616"}],"curies":[{"name":"wp","href":"https:\/\/api.w.org\/{rel}","templated":true}]}}

Schedule 1 &#8211; Vegetation areas and bioclimatic domains of Québec

<p>[et_pb_section fb_built=&#8221;1&#8243; module_class=&#8221;bg-radf&#8221; _builder_version=&#8221;4.16&#8243; global_colors_info=&#8221;{}&#8221;][et_pb_row module_class=&#8221;wrapper-radf&#8221; _builder_version=&#8221;4.16&#8243; global_colors_info=&#8221;{}&#8221;][et_pb_column type=&#8221;4_4&#8243; _builder_version=&#8221;4.16&#8243; custom_padding=&#8221;|||&#8221; global_colors_info=&#8221;{}&#8221; custom_padding__hover=&#8221;|||&#8221;][et_pb_text _builder_version=&#8221;4.27.5&#8243; hover_enabled=&#8221;0&#8243; global_colors_info=&#8221;{}&#8221; sticky_enabled=&#8221;0&#8243;]</p>
<h1>Schedule 1</h1>
<h2>Vegetation and bioclimatic domains of Québec</h2>
<p><a href="/wp-content/uploads/annexe01Figureannexe01a.jpg" target="_blank" rel="noopener"><img loading="lazy" decoding="async" class="alignnone" title="Figure Annexe 1-A" src="/wp-content/uploads/annexe01Figureannexe01a.jpg" alt="Figure Annexe-1A" width="572" height="1057" /></a></p>
<p>&nbsp;</p>
<p>[/et_pb_text][/et_pb_column][/et_pb_row][/et_pb_section]</p>

<!-- This site is optimized with the Yoast SEO plugin v24.9 - https://yoast.com/wordpress/plugins/seo/ -->
<title>Schedule 1 - Vegetation areas and bioclimatic domains of Québec - Ministère des Ressources naturelles et des Forêts</title>
<meta name="robots" content="index, follow, max-snippet:-1, max-image-preview:large, max-video-preview:-1" />
<link rel="canonical" href="https://mrnf.gouv.qc.ca/en/RADF/guide/schedules/schedule-1/" />
<meta property="og:locale" content="en_US" />
<meta property="og:type" content="article" />
<meta property="og:title" content="Schedule 1 - Vegetation areas and bioclimatic domains of Québec - Ministère des Ressources naturelles et des Forêts" />
<meta property="og:description" content="[et_pb_section fb_built=&#8221;1&#8243; module_class=&#8221;bg-radf&#8221; _builder_version=&#8221;4.16&#8243; global_colors_info=&#8221;{}&#8221;][et_pb_row module_class=&#8221;wrapper-radf&#8221; _builder_version=&#8221;4.16&#8243; global_colors_info=&#8221;{}&#8221;][et_pb_column type=&#8221;4_4&#8243; _builder_version=&#8221;4.16&#8243; custom_padding=&#8221;|||&#8221; global_colors_info=&#8221;{}&#8221; custom_padding__hover=&#8221;|||&#8221;][et_pb_text _builder_version=&#8221;4.27.5&#8243; hover_enabled=&#8221;0&#8243; global_colors_info=&#8221;{}&#8221; sticky_enabled=&#8221;0&#8243;] Schedule 1 Vegetation and bioclimatic domains of Québec &nbsp; [/et_pb_text][/et_pb_column][/et_pb_row][/et_pb_section]" />
<meta property="og:url" content="https://mrnf.gouv.qc.ca/en/RADF/guide/schedules/schedule-1/" />
<meta property="og:site_name" content="Ministère des Ressources naturelles et des Forêts" />
<meta property="article:publisher" content="https://www.facebook.com/RessourcesNaturellesForets/" />
<meta property="article:modified_time" content="2026-03-16T18:38:44+00:00" />
<meta property="og:image" content="/wp-content/uploads/Image-g%c3%a9n%c3%a9rale-hiver_FB.jpg" />
	<meta property="og:image:width" content="1200" />
	<meta property="og:image:height" content="630" />
	<meta property="og:image:type" content="image/jpeg" />
<meta name="twitter:card" content="summary_large_image" />
<meta name="twitter:site" content="@mrnfqc" />
<script type="application/ld+json" class="yoast-schema-graph">{"@context":"https://schema.org","@graph":[{"@type":"WebPage","@id":"https://mrnf.gouv.qc.ca/en/RADF/guide/schedules/schedule-1/","url":"https://mrnf.gouv.qc.ca/en/RADF/guide/schedules/schedule-1/","name":"Schedule 1 - Vegetation areas and bioclimatic domains of Québec - Ministère des Ressources naturelles et des Forêts","isPartOf":{"@id":"https://mrnf.gouv.qc.ca/#website"},"datePublished":"2018-06-06T18:09:37+00:00","dateModified":"2026-03-16T18:38:44+00:00","inLanguage":"en-US","potentialAction":[{"@type":"ReadAction","target":["https://mrnf.gouv.qc.ca/en/RADF/guide/schedules/schedule-1/"]}]},{"@type":"WebSite","@id":"https://mrnf.gouv.qc.ca/#website","url":"https://mrnf.gouv.qc.ca/","name":"Ministère des Ressources naturelles et des Forêts","description":"Prototype WordPress","potentialAction":[{"@type":"SearchAction","target":{"@type":"EntryPoint","urlTemplate":"https://mrnf.gouv.qc.ca/?s={search_term_string}"},"query-input":{"@type":"PropertyValueSpecification","valueRequired":true,"valueName":"search_term_string"}}],"inLanguage":"en-US"}]}</script>
<!-- / Yoast SEO plugin. -->

Schedule 1 - Vegetation areas and bioclimatic domains of Québec - Ministère des Ressources naturelles et des Forêts

[et_pb_section fb_built=&#8221;1&#8243; module_class=&#8221;bg-radf&#8221; _builder_version=&#8221;4.16&#8243; global_colors_info=&#8221;{}&#8221;][et_pb_row module_class=&#8221;wrapper-radf&#8221; _builder_version=&#8221;4.16&#8243; global_colors_info=&#8221;{}&#8221;][et_pb_column type=&#8221;4_4&#8243; _builder_version=&#8221;4.16&#8243; custom_padding=&#8221;|||&#8221; global_colors_info=&#8221;{}&#8221; custom_padding__hover=&#8221;|||&#8221;][et_pb_text _builder_version=&#8221;4.27.5&#8243; hover_enabled=&#8221;0&#8243; global_colors_info=&#8221;{}&#8221; sticky_enabled=&#8221;0&#8243;] Schedule 1 Vegetation and bioclimatic domains of Québec &nbsp; [/et_pb_text][/et_pb_column][/et_pb_row][/et_pb_section]

Ministère des Ressources naturelles et des Forêts
